
Convert -5 (base 10) to base 16.
-5
2 (base 7) to base 2
10
Convert 9 (base 10) to base 15.
9
What is -1 (base 9) in base 2?
-1
11110011 (base 2) to base 10
243
Convert -11 (base 4) to base 9.
-5
Convert -15 (base 13) to base 15.
-13
Convert -112 (base 3) to base 14.
-10
3 (base 9) to base 6
3
-87 (base 10) to base 9
-106
-4b (base 14) to base 11
-61
What is -5 (base 15) in base 16?
-5
0 (base 4) to base 2
0
Convert -10220 (base 3) to base 2.
-1101001
Convert b (base 13) to base 16.
b
What is 20 (base 8) in base 2?
10000
What is -3 (base 15) in base 10?
-3
What is -10000 (base 2) in base 10?
-16
Convert -1 (base 4) to base 15.
-1
10 (base 12) to base 10
12
Convert 11 (base 8) to base 11.
9
What is -201 (base 6) in base 14?
-53
8 (base 15) to base 12
8
What is -1020 (base 4) in base 8?
-110
What is 42 (base 11) in base 9?
51
Convert 20 (base 11) to base 9.
24
What is 189 (base 11) in base 13?
13a
What is 2 (base 9) in base 3?
2
-3000 (base 4) to base 12
-140
-a (base 13) to base 5
-20
What is -3 (base 15) in base 10?
-3
Convert -54 (base 8) to base 7.
-62
0 (base 10) to base 14
0
What is -206 (base 10) in base 15?
-db
Convert 36 (base 7) to base 5.
102
What is -34 (base 7) in base 12?
-21
What is -3 (base 16) in base 10?
-3
Convert -142 (base 6) to base 2.
-111110
Convert 96 (base 13) to base 7.
234
38 (base 11) to base 2
101001
Convert 11 (base 14) to base 15.
10
Convert 32 (base 13) to base 5.
131
0 (base 15) to base 14
0
-3 (base 10) to base 13
-3
-1 (base 2) to base 9
-1
What is 5 (base 15) in base 8?
5
-10 (base 3) to base 10
-3
What is 0 (base 5) in base 11?
0
What is 1 (base 6) in base 13?
1
What is -2 (base 10) in base 4?
-2
What is -35 (base 12) in base 11?
-38
Convert 1ad (base 15) to base 8.
604
41 (base 10) to base 3
1112
-32 (base 12) to base 7
-53
Convert 10 (base 6) to base 10.
6
What is b (base 16) in base 11?
10
What is aa (base 11) in base 9?
143
What is -4 (base 14) in base 7?
-4
What is -4 (base 9) in base 8?
-4
Convert -9 (base 12) to base 6.
-13
What is -310 (base 5) in base 10?
-80
What is 12 (base 5) in base 7?
10
What is 6 (base 10) in base 16?
6
-1c (base 13) to base 5
-100
What is -9 (base 11) in base 6?
-13
3 (base 7) to base 5
3
Convert -3 (base 11) to base 7.
-3
-2 (base 11) to base 6
-2
-110 (base 3) to base 2
-1100
What is 9 (base 11) in base 5?
14
Convert -124 (base 5) to base 9.
-43
1 (base 8) to base 14
1
What is -91 (base 10) in base 16?
-5b
Convert 10101 (base 2) to base 10.
21
What is -11 (base 11) in base 5?
-22
Convert 34 (base 15) to base 7.
100
143 (base 8) to base 2
1100011
1210 (base 3) to base 2
110000
Convert 1303 (base 4) to base 2.
1110011
0 (base 16) to base 5
0
What is 4 (base 12) in base 2?
100
Convert -2012 (base 3) to base 7.
-113
What is 3 (base 4) in base 9?
3
Convert 4 (base 8) to base 7.
4
What is 330 (base 6) in base 5?
1001
What is -21200 (base 3) in base 12?
-153
-62 (base 8) to base 5
-200
What is -2 (base 12) in base 16?
-2
What is -122 (base 9) in base 11?
-92
Convert -4 (base 5) to base 16.
-4
What is -1231 (base 4) in base 16?
-6d
161 (base 12) to base 9
261
What is -6 (base 9) in base 4?
-12
What is -50 (base 7) in base 2?
-100011
Convert -2 (base 3) to base 15.
-2
Convert -38 (base 12) to base 10.
-44
-26 (base 13) to base 11
-2a
Convert -133 (base 4) to base 14.
-23
Convert 5 (base 8) to base 9.
5
4 (base 6) to base 9
4
What is -8 (base 15) in base 16?
-8
Convert -2 (base 4) to base 5.
-2
Convert -330 (base 7) to base 10.
-168
Convert 1 (base 9) to base 16.
1
3 (base 8) to base 12
3
Convert -5 (base 10) to base 3.
-12
Convert 9 (base 13) to base 4.
21
-3 (base 11) to base 13
-3
8 (base 13) to base 11
8
0 (base 13) to base 16
0
-51 (base 9) to base 11
-42
Convert -154 (base 7) to base 16.
-58
What is 11 (base 4) in base 9?
5
What is 202 (base 4) in base 12?
2a
Convert -177 (base 11) to base 9.
-247
Convert -2 (base 3) to base 4.
-2
7 (base 8) to base 11
7
Convert 4 (base 15) to base 12.
4
103 (base 4) to base 14
15
What is -187 (base 14) in base 9?
-380
What is -1 (base 13) in base 3?
-1
-21 (base 13) to base 10
-27
Convert -3 (base 7) to base 5.
-3
-21 (base 3) to base 7
-10
223 (base 5) to base 8
77
3 (base 5) to base 6
3
Convert -223 (base 7) to base 2.
-1110011
1 (base 13) to base 3
1
Convert -210 (base 5) to base 8.
-67
-1 (base 7) to base 4
-1
What is 120 (base 3) in base 14?
11
a4 (base 13) to base 12
b2
-103 (base 15) to base 9
-273
Convert 10 (base 10) to base 6.
14
1000 (base 2) to base 6
12
What is 112 (base 3) in base 8?
16
75 (base 8) to base 4
331
What is 10 (base 2) in base 16?
2
What is 80 (base 15) in base 16?
78
What is 40 (base 5) in base 3?
202
Convert -3 (base 11) to base 12.
-3
Convert 2 (base 5) to base 10.
2
What is 1424 (base 5) in base 7?
461
40 (base 8) to base 6
52
Convert 1 (base 9) to base 5.
1
-3 (base 6) to base 9
-3
What is 63 (base 9) in base 12?
49
What is 137 (base 8) in base 5?
340
What is 5 (base 12) in base 10?
5
What is 412 (base 6) in base 11?
129
5 (base 6) to base 7
5
17 (base 8) to base 6
23
-110100 (base 2) to base 12
-44
Convert 225 (base 6) to base 16.
59
Convert 35 (base 11) to base 9.
42
What is 1 (base 4) in base 14?
1
-13 (base 16) to base 14
-15
142 (base 10) to base 12
ba
Convert 2 (base 13) to base 10.
2
What is -1 (base 16) in base 6?
-1
What is 4a (base 16) in base 14?
54
What is -114 (base 7) in base 15?
-40
What is 316 (base 9) in base 15?
123
302 (base 4) to base 3
1212
0 (base 7) to base 5
0
What is -11 (base 7) in base 12?
-8
What is 2 (base 4) in base 11?
2
What is -101 (base 2) in base 5?
-10
Convert 2 (base 14) to base 11.
2
What is 1001 (base 3) in base 11?
26
What is 20 (base 15) in base 4?
132
Convert -40 (base 10) to base 2.
-101000
What is 3 (base 16) in base 5?
3
-111 (base 13) to base 15
-c3
What is -4 (base 5) in base 10?
-4
Convert 8 (base 14) to base 12.
8
Convert 32 (base 4) to base 12.
12
Convert -14 (base 14) to base 16.
-12
What is 0 (base 4) in base 2?
0
What is 0 (base 8) in base 9?
0
101 (base 4) to base 16
11
What is -59 (base 16) in base 7?
-155
Convert 11 (base 12) to base 2.
1101
Convert 2 (base 8) to base 9.
2
Convert -10 (base 3) to base 5.
-3
Convert -211 (base 5) to base 15.
-3b
Convert -21 (base 5) to base 8.
-13
Convert 4 (base 9) to base 16.
4
What is 2 (base 6) in base 15?
2
46 (base 9) to base 3
1120
What is 0 (base 16) in base 3?
0
a (base 12) to base 10
10
What is 1a (base 15) in base 4?
121
What is 22 (base 4) in base 15?
a
2 (base 9) to base 4
2
-4 (base 9) to base 15
-4
105 (base 6) to base 11
38
What is 211 (base 8) in base 2?
10001001
-12 (base 4) to base 13
-6
What is -2 (base 12) in base 3?
-2
22 (base 4) to base 7
13
Convert b3 (base 12) to base 13.
a5
Convert 10 (base 5) to base 12.
5
-2210 (base 4) to base 16
-a4
What is -34 (base 13) in base 6?
-111
-100111101 (base 2) to base 6
-1245
Convert -1021 (base 3) to base 8.
-42
450 (base 6) to base 4
2232
a (base 13) to base 8
12
2a (base 11) to base 13
26
Convert -2 (base 10) to base 13.
-2
Convert -300 (base 4) to base 9.
-53
What is -331 (base 8) in base 9?
-261
Convert -20 (base 13) to base 3.
-222
2 (base 9) to base 6
2
69 (base 13) to base 3
10020
-56 (base 12) to base 11
-60
Convert -15 (base 16) to base 4.
-111
Convert 26 (base 13) to base 3.
1012
1 (base 11) to base 5
1
30 (base 5) to base 7
21
Convert 25 (base 12) to base 5.
104
What is -2 (base 7) in base 9?
-2
0 (base 5) to base 12
0
-51 (base 8) to base 2
-101001
-1c0 (base 13) to base 9
-401
What is -18 (base 10) in base 16?
-12
Convert -192 (base 10) to base 6.
-520
Convert -1 (base 8) to base 12.
-1
What is -8 (base 13) in base 7?
-11
What is -3 (base 16) in base 14?
-3
Convert -6 (base 9) to base 2.
-110
What is -40 (base 16) in base 6?
-144
Convert -10200 (base 3) to base 8.
-143
Convert -1 (base 7) to base 12.
-1
What is -4 (base 16) in base 12?
-4
Convert -100010001 (base 2) to base 3.
-101010
-16 (base 8) to base 16
-e
121 (base 9) to base 11
91
6 (base 11) to base 13
6
-21 (base 3) to base 16
-7
-16 (base 13) to base 6
-31
-1 (base 5) to base 15
-1
What is -c (base 16) in base 3?
-110
36 (base 8) to base 16
1e
1200 (base 3) to base 2
101101
110 (base 3) to base 9
13
What is 200 (base 3) in base 9?
20
Convert a3 (base 16) to base 10.
163
27 (base 14) to